*3 + 1/20*w**5 + 0*w + 1/12*w**4 - 1/120*w**6 - 3*w**2. Give k(3).
10
Let w(q) = -4*q + 6. Let i(n) = -n + 2. Let s(h) = 21*i(h) - 6*w(h). Let j = 22 + -27. Determine s(j).
-9
Suppose 2 = t + 3*c, 5*t - 11 = 2*t - 4*c. Let h = 0 + t. Let g(m) = 15*m - 8. Let k(u) = 8*u - 4. Let y(j) = -6*g(j) + 11*k(j). What is y(h)?
-6
Let a be (-2 - 1) + (10 - -2) - 2. Let b(d) = -d**2 + 8*d - 2. Calculate b(a).
5
Suppose -6*n + 36 = -2*n. Let m(y) = 7*y - 2. Let p be m(1). Suppose -p*z - 11 = n. Let w(q) = q + 5. Calculate w(z).
1
Let c(m) = -m + 3. Let s be (-4 - (2 - 6))/2. Determine c(s).
3
Let s(f) = -f + 10. Suppose -b = -2*b. What is s(b)?
10
Suppose -3*r - r - 4 = 0. Let d(i) = -7*i. Let k(v) = v + 1. Let f(p) = d(p) - k(p). What is f(r)?
7
Let r(m) = -5*m**3 - m**2 - m. Let n = -19 - -18. Determine r(n).
5
Suppose 20 = 5*z + 5*t, 3*z - 2*t - t = -12. Suppose -k + 4 - 1 = z. Let n be 2*k/(-15)*-10. Let g(d) = d**2 - 4*d. Calculate g(n).
0
Let f(j) be the third derivative of -j**6/120 - j**5/60 - j**4/24 - 2*j**3 - 3*j**2. Give f(0).
-12
Let n(s) = -12*s**3 + 4*s**2 + 2*s + 1. Let h(i) = i**3 - i**2. Let o(t) = -4*h(t) - n(t). Determine o(-1).
-7
Let n(z) = 2*z + 5*z - 10*z - 8 + 4*z. Determine n(0).
-8
Let t(a) = -a**2 - 1. Let h(g) = 4*g**2 - 12*g - 2. Let q(p) = h(p) - 4*t(p). Let f(l) = 3*l**2 - 4*l + 1. Let n(k) = 11*f(k) - 4*q(k). Determine n(-4).
3
Let p(w) be the first derivative of w**4/4 - 5*w**3/3 - 2*w**2 + 6*w + 11. What is p(5)?
-14
Let q be (-4 + 6)*2/(-4). Let t(c) = c. Determine t(q).
-1
Let y(f) = 2*f + 0*f + 27 + f**2 - 29. Give y(-5).
13
Suppose -2*v = 0, -5*v - 56 = -b - 0. Let j be ((-6)/(-4))/(6/b). Suppose 0 = 2*k + 3*y + 2, -j = -4*k + 3*y - 0. Let q(n) = -n**3 + 2*n**2 - n - 1. Give q(k).
-3
Let c(v) = -v**3 - 4*v**2 - 4*v - 3. Let u be c(-3). Suppose -d + 1 + 0 = u. Let x(k) = -k + 5. Let l(b) = 4. Let n(r) = -5*l(r) + 4*x(r). Give n(d).
-4
Suppose 0 = 7*s - 27 - 8. Let p(v) = v**2 - 4*v + 1. Determine p(s).
6
Let x(g) = 2*g + 5. Let p(l) = 2*l + 5. Let m(d) = -6*p(d) + 7*x(d). Calculate m(-5).
-5
Let o(i) be the second derivative of -i**6/240 - i**5/30 + 5*i**4/12 - 3*i. Let r(t) be the third derivative of o(t). What is r(-5)?
11
Let b(z) = 1. Let i(o) = 3*o - 6. Let j(q) = 3*b(q) + i(q). Calculate j(-5).
-18
Let u(m) = -11*m + 7. Let j(i) = -i - 4*i + 4 - 1. Let f(h) = h**3 + h**2 + h - 6. Let r be f(0). Let k(x) = r*u(x) + 13*j(x). What is k(2)?
-1
Let g = 36 + -51. Let m be 12/g*(-1 + 6). Let l(d) = 2 - d**3 + 5 - 3*d**2 + 4*d - 1. Calculate l(m).
6
Let x(y) = 4*y. Let d be 2*((-2)/4 + 2). Suppose d*n + 1 = 4. What is x(n)?
4
Let f(a) = -1 + 1 + 4*a. Let o = -2 - -6. Suppose n - 10 = -o*n. Determine f(n).
8
Let m be (13/(-2))/(7/14). Let k = -21 - m. Let j be 15/(-6)*k/5. Let z(y) = y**2 - 2*y. Determine z(j).
8
Suppose -2*m = 2*g - 14, -3*m = -0*m + 2*g - 18. Let a(o) = 1 + 1 - 2 - 4 - m*o. Calculate a(-4).
12
Let l(f) = 4*f + f**2 - 2 + 0*f**2 - 3*f. Suppose 0 = h + 2*w - 7, w - 1 = -h + 1. Determine l(h).
4
Let g(a) be the first derivative of 7/2*a**2 - 1/3*a**3 - 1 - 4*a. Let k be (1 + 1)/(6/15). Determine g(k).
6
Let v(q) = -2*q - 5. Suppose -70 = 16*w - 6*w. Determine v(w).
9
Let q(h) be the second derivative of h**3/6 - 9*h**2/2 + h. Suppose 5*o + r = 28, 0*r - 5 = -4*o + 5*r. Calculate q(o).
-4
Suppose -5*k + 5*v - 10 = 0, -2*k + 5*v - 1 = 15. Let b(f) = -f + k + f - f. Determine b(-4).
6
Let h(i) = -i + 5. Suppose 0 = -m + 4, 3*f + 0*m - 50 = -2*m. Suppose -19 = -3*x + 3*q + f, 9 = -x - 4*q. Let o = 12 - x. What is h(o)?
0
Let t(n) = 0*n + n + 5*n - 5 - 5*n. Calculate t(6).
1
Let s(b) = 4*b - 2. Suppose 5*c + 2 = 4*l + 1, -3*c - 4*l = -25. Calculate s(c).
10
Let s be (3/15)/((-6)/(-15))*8. Let k(f) = f**3 - 3*f**2 - 3*f + 5. Determine k(s).
9
Let o(c) be the third derivative of c**9/30240 + c**8/5040 + c**7/2520 + c**5/20 + c**2. Let u(p) be the third derivative of o(p). Calculate u(-2).
-4
Let y(k) = k**2 + 2*k - 1. Let c be y(-3). Let n(o) = o**3 + o**2 - 5*o**2 - 1 - 7*o + c. Let b be 10*(-2)/16*-4. Calculate n(b).
-9
Let o(k) be the second derivative of k**5/60 + k**4/24 + k**3/3 + 10*k. Let f(p) be the second derivative of o(p). Give f(1).
3
Suppose f = d - 2, 2*d + f + 8 = 15. Let c(l) be the first derivative of l**4/4 - l**3 + l**2 - 3*l - 3. Determine c(d).
3
Let c(n) = -2*n**2 + 2*n + 29. Let z(i) = -i**2 + i + 15. Let x(w) = -4*c(w) + 7*z(w). Suppose 4*f = -4*j + 4, -2*j + 4*f = 3 + 1. Determine x(j).
-11
Suppose 3*i - 2*i = 5. Let p(k) = -3*k + i - 3*k + 8*k. Determine p(-6).
-7
Let r(a) = -a**2 - 5*a - 2. Suppose 4*i - 15 = k, -2*k + 4*k - 3*i + 10 = 0. Suppose 5 = 3*o - 2*o - 5*q, -o + 2*q = k. Calculate r(o).
-2
Let i(q) = q**3 + 6*q**2 + 7*q + 7. Let t be -9 + (6 - (3 + -1)). Determine i(t).
-3
Let t(j) = j**3 - 3*j**2 - 2*j + 2. Suppose 0 = n - 7 - 4. Let s = -15 + n. Let p = s - -8. Give t(p).
10
Suppose -5*w - 30 = -5*p, -12 = -4*p + 2*w + 4. Let h(f) = -10 - p*f + 13*f**2 - 2*f + 5*f - 14*f**2. Give h(0).
-10
Let n be ((-12)/(-14))/((-4)/(-28)). Let v(u) = -12 + 8 - u + 10. Give v(n).
0
Let p(l) = 11*l + 1. Suppose o - 2 - 1 = 0. Let s be 1 + 1 + 5 - 2. Suppose -3*u + 3*m = o, -3 = s*m - 13. Determine p(u).
12
Let p(o) = -o**3 - o**2 - o - 2. Let y(g) = g**2 - g - 2. Let u be y(-1). Give p(u).
-2
Suppose -4*q = -2*o + 25 + 19, -4*o = 3*q - 33. Let x(g) = g - 9. Let t be x(o). Let j(i) = -i**2 + 3*i + 1. Give j(t).
1
Let m(f) = -f**3 - 5*f**2 + 2*f + 7. Let y be 1 - (8 - -4)/2. Determine m(y).
-3
Let d(j) = -j**3 - 2*j**2 + 3*j. Let b be d(-3). Let q(f) be the first derivative of -f + 2. Let g(a) = a. Let s(u) = g(u) + 2*q(u). Calculate s(b).
-2
Let i(h) = 4*h**2 + 8*h + 3. Let c(w) = 3*w**2 + 7*w + 2. Let x(y) = -6*c(y) + 5*i(y). Let o = 0 + 2. Determine x(o).
7
Let s(u) = -u**2 + 6*u - 7. Let a = 25 - 24. Suppose -y + 5 + a = 0. Determine s(y).
-7
Let x(s) = -7. Let j(w) be the second derivative of w**3/6 + 7*w**2 + 3*w. Let h(d) = -2*j(d) - 5*x(d). Calculate h(5).
-3
Let v = -89 + 96. Let p(y) = -y**3 + 6*y**2 + 8*y + 3. Determine p(v).
10
Suppose -n = -5*g - 1 + 3, 24 = 4*n - 4*g. Let u = n - 6. Let a(p) = 0 - 7 + u*p + 3. Give a(4).
4
Let u(c) = 29*c + 2 + 4 + 3*c**2 + 2*c**2 + 9. Let r(m) = 3*m**2 + 19*m + 10. Let d(q) = -8*r(q) + 5*u(q). Give d(5).
-15
Let b(y) = -8*y - 1. Let z be (-20)/(3 - 2 - 3). Suppose 5 = 3*c - 2*q, -2 = 3*c - 5*q - z. What is b(c)?
-9
Let w(n) be the second derivative of n**4/12 + n**3/2 - 2*n**2 - 9*n. Calculate w(-5).
6
Let n(i) = -i**2 - 3772*i + 3768*i - i**2. Suppose j + j + 12 = 0. Let k be (6/4)/(3/j). What is n(k)?
-6
Let k(u) = -3*u**2 - 1 + u**3 + 2*u + 6*u**2 - 5*u. Suppose 13*x - 20 = 18*x. Determine k(x).
-5
Let u(m) = m**2 - 8*m - 5. Let v(x) = 2*x**2 - 9*x - 6. Let q(h) = 3*u(h) - 2*v(h). Let c(t) = 2*t + 16. Let y be c(-11). Give q(y).
-3
Suppose 2*g + 20 = 7*g. Let a(t) = -t**3 + 4*t**2 - 2*t + 2. Give a(g).
-6
Let n(i) be the first derivative of 5/2*i**4 - 1/3*i**3 - i - 1/2*i**2 + 2. Give n(-1).
-11
Let n(y) = -y**2 + 7*y + 1. Suppose 2*b + 16 = 4*b. Calculate n(b).
-7
Let v(w) = w**3 - 4*w**2 + 3*w - 3. Let u = 2 - -2. What is v(u)?
9
Let g(q) = -4*q**2 - 6*q + 5*q + 2*q - 2*q - 1. Let k(z) = 2*z**2 + 3*z - 4. Let h be k(-3). Suppose -4 = h*b + 1. Calculate g(b).
-4
Let t(g) = -g**3 - 4*g**2 - g + 2. Let f be t(-3). Suppose -2*a - a - 3 = -5*b, -b + 4*a = 13. Let h(v) = -9*v + 9*v - 5 + v**b + 4*v**2. Determine h(f).
-5
Let c(n) be the second derivative of n**4/12 + n**3/3 + n**2/2 - 7*n. Give c(-2).
1
Let f(k) = -2*k. Let z be f(-3). Let b be (-1)/(-6) - 7/6. Let r be b - z/(3 - 0). Let g(h) = h**3 + 4*h**2 + 3*h + 4. Give g(r).
4
Let z(m) = -m - 11. Let p be (7 - 0) + -4 + 1. Suppose -y - 4 = y - q, 0 = p*y - q + 4. Calculate z(y).
-11
Suppose -4*a + d - 3 = 0, 3*a = d - 1 - 0. Let s be a/(12/(-9) - -1). Let w(o) = o - 8. Give w(s).
-2
Suppose -2*l - 2 - 4 = 0. Let x(r) = -r. What is x(l)?
3
Let o be 5 + -1 + 4/(-4). Let d(k) = -k**2 + 2*k + 1. Give d(o).
-2
Let b(o) = -5*o + 12. Let u(a) = -14*a + 35. Let p(k) = 17*b(k) - 6*u(k). What is p(-6)?
0
Let j be ((-4)/(-10))/(2/30). Suppose -j*t = -3*t. Let m(o) = -o**2 + o + 9. Determine m(t).
9
Let h(o) = -o + 1. Let p(q) = -7*q + 8. Let l(b) = 3*h(b) - p(b). Calculate l(4).
11
Let i(p) = -